88728 (base 13) to base 12.
259b7a
Convert 100345 (base 12) to base 8.
746745
-411471 (base 11) to base 9
-1216323
12d74 (base 15) to base 16
ebf9
Convert 1144410410 (base 5) to base 3.
12010210120110
2404020433 (base 5) to base 10
5532618
What is -2530b (base 14) in base 3?
-11122000222
What is -148506 (base 10) in base 2?
-100100010000011010
Convert -100000110111001001100 (base 2) to base 13.
-2b9189
What is -21112020012221 (base 3) in base 2?
-1111010000100110110111
Convert 36153 (base 8) to base 9.
23185
Convert -709147 (base 11) to base 8.
-4261464
Convert 314892 (base 11) to base 10.
504187
What is 71740 (base 13) in base 8?
615137
-101111011001010001100001 (base 2) to base 9
-25335825
Convert 11490a0 (base 13) to base 11.
301221a
What is -644464 (base 9) in base 2?
-1011101101101011100
-211221324 (base 5) to base 11
-553218
-111210110122 (base 3) to base 7
-2210426
Convert 30303414 (base 7) to base 3.
11202010221000
Convert -100100101010010 (base 2) to base 5.
-1100040
Convert -2254650 (base 7) to base 5.
-33020433
What is 3733ce (base 15) in base 16?
285626
What is -589bd8 (base 15) in base 10?
-4234928
Convert -196016 (base 16) to base 13.
-462c2c
Convert 4663270 (base 9) to base 15.
34c326
What is 11003131 (base 4) in base 14?
7789
11736746 (base 8) to base 16
27bde6
437465 (base 8) to base 6
3053421
203011033 (base 4) to base 8
430517
Convert -134545044 (base 6) to base 5.
-1201014340
What is 1414550 (base 6) in base 14?
212b8
42313004 (base 5) to base 7
3003306
Convert -22280438 (base 9) to base 14.
-1611abb
What is -36f3d (base 16) in base 6?
-4454021
What is 100212122011 (base 3) in base 4?
233131021
What is 5552173 (base 8) in base 11?
932120
61a0aa (base 13) to base 11
13168aa
What is 1311030130 (base 4) in base 11?
2a871a
-1a05189 (base 13) to base 4
-200213221132
What is 1021323020022 (base 4) in base 2?
1001001111011001000001010
What is 13034034 (base 5) in base 10?
127394
-78299 (base 11) to base 7
-651601
Convert 1347945 (base 14) to base 3.
122112101111012
-49699 (base 13) to base 3
-20212101211
Convert c8bd6 (base 14) to base 7.
4060556
Convert a99d (base 14) to base 10.
29343
What is 10011001022212 (base 3) in base 15?
231018
What is 223446 (base 14) in base 10?
1161558
Convert 10001000000010001001 (base 2) to base 3.
1001022022210
What is 346044 (base 7) in base 3?
10011012120
11212210210011 (base 3) to base 16
279631
-19a215 (base 11) to base 6
-10322244
What is 3312106 (base 7) in base 14?
a8206
Convert -69a7314 (base 11) to base 14.
-18a6b18
77437 (base 14) to base 8
1064271
263501 (base 7) to base 14
13d71
What is 1940632 (base 11) in base 2?
1100100000110111011001
-c9ed8 (base 15) to base 14
-129980
What is 116516 (base 7) in base 10?
21524
Convert -11000111011101111100 (base 2) to base 12.
-334990
What is 2401117 (base 11) in base 8?
17765174
What is 221501 (base 8) in base 2?
10010001101000001
What is 118481 (base 13) in base 16?
661a3
What is -18471a (base 14) in base 10?
-857524
What is 2433442 (base 6) in base 9?
216108
5a834 (base 11) to base 6
1513104
-41121243 (base 5) to base 14
-89362
What is 10443410 (base 5) in base 11?
64366
What is -12bb4 (base 12) in base 14?
-962c
Convert -5d95b (base 14) to base 6.
-4530541
1790114 (base 10) to base 9
3327515
What is f3352 (base 16) in base 3?
1212121111111
Convert 102140 (base 9) to base 12.
2b100
-4097 (base 10) to base 12
-2455
What is -10300011031 (base 4) in base 16?
-13014d
Convert -241018 (base 9) to base 14.
-3ac36
Convert b5869 (base 12) to base 14.
62a1b
What is 3203220303 (base 4) in base 11?
58758a
What is 323144212 (base 5) in base 15?
1c438c
-1352352 (base 6) to base 3
-10220200012
9baca8 (base 13) to base 3
20220221221020
What is 3012212 (base 6) in base 7?
1130225
-2333888 (base 10) to base 2
-1000111001110011000000
Convert -22200212110 (base 3) to base 6.
-3400403
Convert -658308 (base 11) to base 13.
-2aa220
What is 2152445 (base 6) in base 5?
11430143
Convert -13245 (base 14) to base 6.
-1002021
What is 298337 (base 11) in base 8?
1614032
-12000201021 (base 3) to base 4
-120021313
3701253 (base 8) to base 5
230011431
53353030 (base 6) to base 9
2852720
Convert 132030104 (base 6) to base 5.
1132213124
20110012022011 (base 3) to base 12
1194257
-76150 (base 11) to base 4
-123000321
-56216 (base 13) to base 5
-20000334
-f993 (base 16) to base 5
-4021031
Convert -202122000122010 (base 3) to base 13.
-236b515
-2590121 (base 10) to base 8
-11702651
-13030124 (base 5) to base 16
-1efc2
What is 5013210 (base 7) in base 13?
179487
What is 81061 (base 11) in base 13?
41c45
-1402134040 (base 5) to base 8
-15432213
Convert 7038a (base 12) to base 11.
9a506
What is b5c35 (base 15) in base 8?
2145764
Convert 2c709c6 (base 13) to base 14.
1c87400
207189 (base 10) to base 9
345180
Convert 325b870 (base 12) to base 6.
541153420
What is -25312201 (base 6) in base 13?
-2285b9
What is 2260a59 (base 11) in base 14?
74d132
1111110110000110110111 (base 2) to base 16
3f61b7
Convert 100110001101100001 (base 2) to base 4.
212031201
155846 (base 15) to base 9
1841533
-2365a (base 16) to base 5
-14114421
-655536 (base 8) to base 15
-452b8
Convert 2010111011000 (base 3) to base 8.
4241774
Convert 453654 (base 9) to base 5.
32143343
What is -401442334 (base 5) in base 9?
-2887741
What is 28411165 (base 9) in base 5?
12044423332
113420402 (base 5) to base 4
2001101011
2032424 (base 5) to base 4
20023101
-64365416 (base 8) to base 10
-13757198
Convert 443478 (base 9) to base 6.
5402542
Convert -2274417 (base 9) to base 3.
-2022111110121
Convert 101046 (base 7) to base 16.
4320
What is 13105062 (base 7) in base 4?
10203300300
Convert 1a73c2b (base 14) to base 11.
7497905
What is -919c23 (base 13) in base 5?
-1332021103
What is -97693 (base 10) in base 8?
-276635
Convert a569bb (base 15) to base 7.
123613433
What is 3ad54 (base 14) in base 15?
2d0c5
What is 2570200 (base 8) in base 2?
10101111000010000000
1303244022 (base 5) to base 15
42c85c
10634650 (base 7) to base 13
268a56
Convert 119447 (base 11) to base 6.
4011154
Convert -361992 (base 11) to base 14.
-10d01a
Convert 1453225005 (base 6) to base 15.
19287e2
Convert 98288 (base 11) to base 5.
14032010
Convert -110531445 (base 6) to base 8.
-7507425
Convert -123304302 (base 5) to base 15.
-bdd1c
What is -101200 (base 4) in base 11?
-929
What is -201020122 (base 3) in base 9?
-21218
What is 4142113 (base 5) in base 15?
15408
What is -1052266 (base 8) in base 12?
-118306
Convert -123033000 (base 4) to base 16.
-1b3c0
ec02 (base 15) to base 16
c320
481074 (base 11) to base 6
24203120
What is -8a8a37 (base 12) in base 5?
-1031311243
-24744a (base 14) to base 13
-349895
What is 71bb8 (base 15) in base 6?
11420302
-1322012 (base 4) to base 7
-31532
1122001032 (base 4) to base 7
3063660
62400 (base 14) to base 6
5024052
What is -1430110 (base 7) in base 5?
-22122021
What is 2816b2 (base 15) in base 7?
22251602
Convert -d8b90 (base 14) to base 11.
-328469
Convert -2540a30 (base 13) to base 12.
-3a88060
-473651 (base 8) to base 5
-20133310
78613 (base 10) to base 15
1845d
-a346 (base 12) to base 6
-214130
1004201223 (base 6) to base 4
213031303233
10110010001111011001 (base 2) to base 16
b23d9
Convert 130031251 (base 6) to base 4.
21220013233
What is -141301004 (base 5) in base 13?
-1c6627
What is 11000322001 (base 4) in base 12?
534801
731401 (base 9) to base 10
434080
What is 34169a (base 11) in base 7?
4423444
Convert -643341 (base 9) to base 12.
-165791
What is 90825 (base 11) in base 9?
222105
What is -3031012311 (base 5) in base 9?
-12442716
What is -223092 (base 10) in base 7?
-1616262
Convert -4f1ba (base 16) to base 12.
-137622
What is -211132203 (base 4) in base 8?
-453643
Convert 100011001101011010 (base 2) to base 3.
21022211102
What is 6164372 (base 8) in base 4?
12032203322
Convert -117888 (base 11) to base 12.
-8b821
88916 (base 12) to base 13
64521
What is -33102750 (base 9) in base 6?
-1331010113
Convert -221023130 (base 4) to base 5.
-20344133
Convert -111001010000001000 (base 2) to base 12.
-b3860
-349683 (base 13) to base 5
-304432032
11100111111011000111 (base 2) to base 6
32205543
-481458 (base 9) to base 10
-289790
2b1a8 (base 15) to base 10
138758
Convert -1713653 (base 9) to base 10.
-954066
What is -f4d